d w.
17
Let y(g) = -2*g**3 - 88*g**2 + 6*g + 313. Let v be y(-44). What is the highest common divisor of v and 6125?
49
Let t = 711 - 506. Let g = t + -157. Let x = 20 + 12. Calculate the greatest common divisor of g and x.
16
Let z be (-4 + 0)/(2/(-36)). Suppose 102 + 186 = 32*q. Calculate the highest common divisor of q and z.
9
Let c = 318 + -313. Suppose 0 = -c*q + 2*q + 720. Calculate the greatest common factor of 24 and q.
24
Suppose -63 = -k - 3*b, -5*k = 5*b - 3*b - 224. Calculate the highest common divisor of 3696 and k.
42
Let t be (1 + 1 - -169) + 0. Let k be (((-20)/60)/((-7)/(-133)))/(1/(-3)). What is the highest common factor of t and k?
19
Suppose -1394 = -32*r + 1358. Calculate the greatest common divisor of r and 6.
2
Suppose c - 602 = -33*c + 656. What is the greatest common divisor of 407 and c?
37
Let j(h) = 14*h**2 - 3*h. Let a be j(3). Let s = -54 + a. Let k(w) = -w**2 + 18*w + 264. Let r be k(27). What is the highest common divisor of r and s?
21
Let g = -96 + 156. Let z be 0 - (-428 + -4)/3. Suppose 0 = -q - 5*q + z. Calculate the greatest common factor of q and g.
12
Suppose 167*f = -3*o + 166*f + 210, -70 = -o - f. Calculate the greatest common divisor of o and 50.
10
Let m(x) = 101*x - 499. Let z be m(5). Let l be 20/2*(-6)/(-12). Let y(t) = 3*t - 3. Let h be y(l). What is the greatest common divisor of z and h?
6
Suppose 6*k - 1320 = 19*k - 46*k. What is the highest common factor of k and 4780?
20
Let b(f) = 12*f - 244. Let d be b(22). What is the highest common factor of 2810 and d?
10
Let c(p) = 7*p**2 - 34*p + 9. Let f be c(14). Let h = f + -509. Calculate the highest common divisor of h and 36.
36
Let a(n) = -508*n**3 - 24*n - 26. Let v be a(-1). Calculate the greatest common factor of v and 138.
46
Suppose 13*n + 3*n + 360 = 1128. Calculate the highest common divisor of n and 429.
3
Let c = 151 + -91. Let d(m) = -m**3 + 15*m**2 + 23*m - 67. Let h be d(16). Calculate the greatest common divisor of c and h.
15
Let m = -8776 + 9194. Let h be 38 - (-1 + (-3)/(-3)). Calculate the greatest common divisor of m and h.
38
Let h(t) = 14*t**2 + 126*t + 517. Let q be h(-4). What is the highest common factor of q and 316?
79
Suppose -j - 4*z - 9 = 0, 0 = -6*j + 2*j + 5*z - 57. Let a be 2/j - 3048/(-39). Suppose -4*b + a = 14. What is the greatest common divisor of b and 24?
8
Let c(s) = s**2 + 22*s - 18. Let a = -80 + 57. Let p be c(a). Suppose -4*w + 75 = -3*h, 7*w - 100 = 2*w + p*h. What is the highest common factor of 135 and w?
15
Suppose 331 + 449 = 3*s. What is the greatest common divisor of 50 and s?
10
Suppose 312*b + 2268 = 161*b + 169*b. Calculate the greatest common factor of 2142 and b.
126
Let s = -10330 + 16049. Calculate the greatest common divisor of 76 and s.
19
Suppose 133*y - 39 - 1215 - 1140 = 0. Suppose 4*g - 2 = -2*f + 90, 232 = 4*f - 4*g. Let n be f/4*60/9. What is the greatest common factor of y and n?
18
Let v = 3175 + -3174. Calculate the greatest common divisor of v and 665.
1
Suppose -10*w + 7*w - 8*w + 3179 = 0. Calculate the highest common factor of w and 34.
17
Suppose 0 = -u - 1, -2*q + 0*q + 2*u = 0. Let l be 6 - q*(-5 - -6). Suppose 12*d = l*d + 115. What is the greatest common factor of 23 and d?
23
Suppose 17*k + 4 + 30 = 0. Let y = k + 32. Let a = 39 - 21. What is the greatest common divisor of a and y?
6
Let c(f) = f + 11. Let q be c(-4). Let a = -212 - -89. Let n = a - -235. What is the greatest common factor of n and q?
7
Let s be 92 + 1/((85/40)/(-17)). Suppose 19*u = 5*u + 12936. What is the highest common divisor of s and u?
84
Suppose 126*s = 55*s + 364159. Calculate the highest common factor of 669 and s.
223
Suppose -97*h + 2902878 = 147*h - 63*h. What is the highest common divisor of h and 66?
66
Let u = -101 + 101. Suppose 2 = z + t, -3*t + 12 = -u*t. Let n be (10/20)/(z/(-76)). What is the greatest common divisor of 38 and n?
19
Let d be 1/(-3) - (-14506)/18 - 324/(-729). Calculate the greatest common factor of d and 1118.
26
Suppose 396 + 566 = 28*p + 318. What is the highest common divisor of p and 68195?
23
Let u be 4332/171*(2 + 1). Calculate the greatest common factor of u and 2869.
19
Let l be (-4 + 4)*((-3)/(-6) + -1). Suppose 3*k + 2*o = -28, -2*k - 2*o - 29 + 11 = l. Let q = k - -26. What is the highest common divisor of 4 and q?
4
Let z(q) be the third derivative of -q**6/120 - q**5/10 + q**4/8 - 2*q**3/3 - 2*q**2 - 22. Let c be z(-7). Calculate the greatest common divisor of c and 60.
12
Let c = -345 - -508. Let l = -124 + c. What is the greatest common factor of l and 65?
13
Let a = -6 - -17. Let l(t) be the third derivative of -55*t**4/24 - 11*t**3/6 - t**2 + 1. Let v be l(-2). What is the highest common factor of a and v?
11
Let a be (-11 - -17 - (-70)/4)*(0 - -2). Calculate the highest common factor of 14100 and a.
47
Suppose -2*j + 9 + 1 = 0. Suppose j*f - 95 = 5*l, 83 = 7*f - 2*f + l. Suppose -f = 7*y - 52. What is the greatest common divisor of 1 and y?
1
Let x be -8*-71*(-4)/(-16). Let j = x + -246. Let c = -74 - j. What is the highest common factor of 75 and c?
15
Let k(y) = 2*y**2 + 82*y - 556. Let d be k(-47). What is the greatest common factor of 5200 and d?
8
Suppose 0 = 75*y - 4108 - 5197 - 12595. Calculate the greatest common factor of 16 and y.
4
Suppose -3*w - 198 = -s, -753 = -4*s - 0*s - w. Let u be (336/80)/(1/5). Calculate the greatest common factor of s and u.
21
Let o be 3838/(-12) - (1 - 25/30). Let k = o + 500. Calculate the highest common divisor of k and 45.
45
Let k(s) = 25*s**2 - 5*s - 2. Let a(t) = t**2 + 1. Let u(d) = 6*a(d) + k(d). Let b be u(1). Let x = 150 - 75. Calculate the greatest common factor of x and b.
15
Let y be (-72 + 3)*76/(-6). Let p(m) = -349*m + 3858. Let o be p(11). What is the greatest common divisor of o and y?
19
Suppose 6*j + 21*j = 8748. Suppose -117*s + j = -114*s. What is the highest common factor of 252 and s?
36
Let j be 44350/170 - (-4)/34. Suppose j = u + 69. Suppose 5*t - 2*l = -l + u, 0 = -4*t - 2*l + 148. Calculate the greatest common factor of 95 and t.
19
Let i = -600 + 3400. What is the highest common factor of i and 160?
80
Suppose -3*v + 1260 = v. Suppose 4*k = 3*t - v, t + 5*k = -2*t + 315. Suppose 11*y - 19 - 212 = 0. Calculate the highest common divisor of t and y.
21
Let t = -11893 - -11920. What is the greatest common divisor of t and 67?
1
Let p(u) = u**3 - 3*u**2 - 2*u + 11. Let l be p(3). Let n be ((-136)/l)/((-28)/70). Suppose 69*r - 1 = n*r. Calculate the highest common divisor of 2 and r.
1
Let l = 52 + -50. Let o(s) = -38*s. Let h be o(-1). Suppose 0 = -5*i, l*n - i = h + 34. What is the highest common divisor of 54 and n?
18
Let t(s) = 3*s**2 + 37*s + 117. Let l be t(-7). What is the greatest common factor of 4985 and l?
5
Suppose -14*d + 15*d = n - 79, -2*d + 360 = 5*n. Suppose n*x - 66*x - 400 = 0. Calculate the greatest common divisor of x and 30.
10
Suppose -9*l = -1365 - 345. What is the highest common divisor of l and 2185?
95
Let u be -7*(-49)/((-1372)/(-5280)). What is the greatest common factor of u and 480?
120
Suppose -4*f - 80*n + 276 = -82*n, 2*f - 132 = 2*n. What is the greatest common divisor of f and 378?
18
Let n = -199 + 267. Suppose a + 4*u - n = 29, 4*u - 340 = -4*a. Calculate the highest common divisor of 1053 and a.
81
Let n = 11 - 14. Let y be n/(-2) - (-49)/14. Suppose -144 = -2*m + 4*v, -y*v - 92 = -2*m + 50. What is the highest common divisor of 38 and m?
38
Let g(q) = q + 5. Let h be g(10). Suppose -4*n - h = -7*n. Suppose 0 = -n*u - 2*c + 140 + 174, -c = -4*u + 246. Calculate the highest common factor of 93 and u.
31
Let h be -2 + 40/3 - (-15)/(-45). Let u(f) = 5*f**2 - 25*f - 6. Let o be u(h). Let p be (-90)/(-12)*(-24)/(-5). Calculate the highest common divisor of p and o.
36
Suppose -37*b + 527475 = 18318. What is the greatest common divisor of b and 99?
99
Let m be ((-4)/8)/(1/86). Let w = -37 - m. Let g(f) = -f**3 + 5*f**2 + 9*f - 6. Let x be g(w). Calculate the greatest common divisor of 60 and x.
12
Let u(p) = 275*p**2 + 63*p + 9. Let c be u(-3). Calculate the greatest common divisor of c and 540.
135
Suppose 2*d = 2*a + 86, 42*d - 39*d - 4*a = 125. Calculate the greatest common factor of 141 and d.
47
Let y(d) = -d**3 + 10*d**2 + 11*d + 26. Let